 466430?
6
What is the hundred thousands digit of 964392?
9
What is the units digit of 3479172?
2
What is the thousands digit of 664121?
4
What is the thousands digit of 7002488?
2
What is the hundreds digit of 4674776?
7
What is the ten thousands digit of 311831?
1
What is the tens digit of 10732687?
8
What is the hundred thousands digit of 15061327?
0
What is the units digit of 613911?
1
What is the hundred thousands digit of 904195?
9
What is the units digit of 2181793?
3
What is the hundreds digit of 406975?
9
What is the millions digit of 2205517?
2
What is the thousands digit of 5333809?
3
What is the thousands digit of 26522?
6
What is the units digit of 18139024?
4
What is the hundreds digit of 1232162?
1
What is the units digit of 8297861?
1
What is the millions digit of 13512765?
3
What is the hundred thousands digit of 474889?
4
What is the thousands digit of 1008330?
8
What is the ten thousands digit of 1240080?
4
What is the hundred thousands digit of 153683?
1
What is the hundred thousands digit of 456517?
4
What is the thousands digit of 2011042?
1
What is the hundreds digit of 1974665?
6
What is the millions digit of 6648169?
6
What is the hundred thousands digit of 2048713?
0
What is the ten thousands digit of 729634?
2
What is the units digit of 1109499?
9
What is the tens digit of 239013?
1
What is the ten thousands digit of 296404?
9
What is the units digit of 1300?
0
What is the units digit of 1790224?
4
What is the millions digit of 3874905?
3
What is the ten thousands digit of 1122954?
2
What is the millions digit of 2515818?
2
What is the units digit of 54824?
4
What is the hundreds digit of 30744?
7
What is the millions digit of 3348726?
3
What is the tens digit of 1238541?
4
What is the ten thousands digit of 776084?
7
What is the tens digit of 631688?
8
What is the units digit of 367296?
6
What is the tens digit of 580310?
1
What is the hundred thousands digit of 358462?
3
What is the units digit of 128933?
3
What is the tens digit of 152068?
6
What is the thousands digit of 3664606?
4
What is the millions digit of 5318605?
5
What is the hundred thousands digit of 445478?
4
What is the units digit of 338020?
0
What is the tens digit of 37147811?
1
What is the hundred thousands digit of 22160942?
1
What is the thousands digit of 765026?
5
What is the tens digit of 274264?
6
What is the hundred thousands digit of 10201352?
2
What is the ten thousands digit of 13311236?
1
What is the hundred thousands digit of 3396538?
3
What is the hundreds digit of 21730?
7
What is the units digit of 2361443?
3
What is the thousands digit of 10720943?
0
What is the tens digit of 1959228?
2
What is the hundreds digit of 840818?
8
What is the units digit of 306252?
2
What is the tens digit of 23155092?
9
What is the thousands digit of 1040823?
0
What is the units digit of 406773?
3
What is the thousands digit of 117751?
7
What is the units digit of 640018?
8
What is the hundreds digit of 361508?
5
What is the millions digit of 7026000?
7
What is the tens digit of 132654?
5
What is the units digit of 455084?
4
What is the ten thousands digit of 310978?
1
What is the thousands digit of 357372?
7
What is the hundreds digit of 10066486?
4
What is the tens digit of 10367?
6
What is the tens digit of 92236?
3
What is the tens digit of 11157686?
8
What is the hundred thousands digit of 346958?
3
What is the units digit of 35149?
9
What is the hundreds digit of 759505?
5
What is the tens digit of 33063483?
8
What is the thousands digit of 566941?
6
What is the hundreds digit of 441717?
7
What is the hundred thousands digit of 267562?
2
What is the ten thousands digit of 1465452?
6
What is the tens digit of 1086364?
6
What is the tens digit of 789491?
9
What is the hundreds digit of 347946?
9
What is the thousands digit of 19881?
9
What is the units digit of 199592?
2
What is the units digit of 106053?
3
What is the hundreds digit of 886349?
3
What is the units digit of 656156?
6
What is the thousands digit of 7994?
7
What is the hundred thousands digit of 6617279?
6
What is the tens digit of 1300700?
0
What is the hundreds digit of 182387?
3
What is the hundreds digit of 342960?
9
What is the hundred thousands digit of 5381452?
3
What is the ten thousands digit of 58051?
5
What is the hundreds digit of 5020530?
5
What is the millions digit of 6074958?
6
What is the millions digit of 12548814?
2
What is the hundreds digit of 1027220?
2
What is the thousands digit of 75694?
5
What is the hundreds digit of 418933?
9
What is the hundreds digit of 8721495?
4
What is the hundred thousands digit of 733055?
7
What is the ten millions digit of 14555257?
1
What is the hundreds digit of 8245706?
7
What is the ten millions digit of 13555166?
1
What is the thousands digit of 400637?
0
What is the units digit of 7468303?
3
What is the millions digit of 5603077?
5
What is the hundreds digit of 683151?
1
What is the hundred thousands digit of 590462?
5
What is the ten thousands digit of 323425?
2
What is the ten thousands digit of 4030586?
3
What is the ten thousands digit of 5268849?
6
What is the tens digit of 806406?
0
What is the tens digit of 553733?
3
What is the millions digit of 1286830?
1
What is the millions digit of 4091153?
4
What is the tens digit of 30165647?
4
What is the ten thousands digit of 14379992?
7
What is the hundreds digit of 63868?
8
What is the units digit of 248589?
9
What is the units digit of 25187221?
1
What is the tens digit of 8595580?
8
What is the millions digit of 7371321?
7
What is the hundreds digit of 646722?
7
What is the hundreds digit of 223359?
3
What is the tens digit of 20484476?
7
What is the ten thousands digit of 91403?
9
What is the thousands digit of 213865?
3
What is the tens digit of 8566943?
4
What is the hundreds digit of 14120362?
3
What is the ten thousands digit of 13798?
1
What is the tens digit of 1001066?
6
What is the tens digit of 165247?
4
What is the millions digit of 1597033?
1
What is the thousands digit of 95233?
5
What is the units digit of 296945?
5
What is the ten thousands digit of 159328?
5
What is the hundred thousands digit of 1409429?
4
What is the hundreds digit of 1593097?
0
What is the hundred thousands digit of 168282?
1
What is the millions digit of 2276491?
2
What is the hundreds digit of 1880218?
2
What is the tens digit of 180489?
8
What is the millions digit of 9708948?
9
What is the thousands digit of 165250?
5
What is the hundreds digit of 14900121?
1
What is the hundreds digit of 18303?
3
What is the hundreds digit of 20775111?
1
What is the tens digit of 819029?
2
What is the thousands digit of 13582?
3
What is the tens digit of 19156316?
1
What is the tens digit of 2276678?
7
What is the tens digit of 496597?
9
What is the tens digit of 2317676?
7
What is the ten millions digit of 26662236?
2
What is the hundred thousands digit of 1410967?
4
What is the tens digit of 85049?
4
What is the ten thousands digit of 809147?
0
What is the millions digit of 8776774?
8
What is the hundred thousands digit of 405215?
4
What is the ten thousands digit of 240598?
4
What is the units digit of 453645?
5
What is the hundreds digit of 2074277?
2
What is the ten thousands digit of 4811358?
1
What is the ten thousands digit of 1483048?
8
What is the hundred thousands digit of 189531?
1
What is the hundred thousands digit of 142187?
1
What is the tens digit of 109410?
1
What is the hundred thousands digit of 352102?
3
What is the thousands digit of 12886338?
6
What is the thousands digit of 7584174?
4
What is the thousands digit of 1394230?
4
What is the units digit of 341599?
9
What is the ten thousands digit of 10600213?
0
What is the hundred thousands digit of 196343?
1
What is the ten thousands digit of 670804?
7
What is the thousands digit of 105683?
5
What is the millions digit of 4701745?
4
What is the ten thousands digit of 1027612?
2
What is the hundreds digit of 240690?
6
What is the hundred thousands digit of 795475?
7
What is the hundreds digit of 50909?
9
What is the thousands digit of 316308?
6
What is the ten thousands digit of 2510260?
1
What is the thousands digit of 497638?
7
What is the hundred thousands digit of 105961?
1
What is the hundreds digit of 1033656?
6
What 